{"id":32,"date":"2026-01-15T09:18:27","date_gmt":"2026-01-15T08:18:27","guid":{"rendered":"https:\/\/www.bcmanagers.com\/index.php\/front_page\/"},"modified":"2026-01-23T12:36:17","modified_gmt":"2026-01-23T11:36:17","slug":"front_page","status":"publish","type":"page","link":"https:\/\/www.bcmanagers.com\/","title":{"rendered":"Home"},"content":{"rendered":"\t\t<div data-elementor-type=\"wp-page\" data-elementor-id=\"32\" class=\"elementor elementor-32\" data-elementor-post-type=\"page\">\n\t\t\t\t<div class=\"elementor-element elementor-element-35e0a1f e-con-full e-flex e-con e-parent\" data-id=\"35e0a1f\" data-element_type=\"container\" data-e-type=\"container\">\n\t\t\t\t<div class=\"elementor-element elementor-element-a9ddcae elementor--h-position-center elementor--v-position-middle elementor-arrows-position-inside elementor-pagination-position-inside elementor-widget elementor-widget-slides\" data-id=\"a9ddcae\" data-element_type=\"widget\" data-e-type=\"widget\" data-settings=\"{&quot;navigation&quot;:&quot;both&quot;,&quot;autoplay&quot;:&quot;yes&quot;,&quot;pause_on_hover&quot;:&quot;yes&quot;,&quot;pause_on_interaction&quot;:&quot;yes&quot;,&quot;autoplay_speed&quot;:5000,&quot;infinite&quot;:&quot;yes&quot;,&quot;transition&quot;:&quot;slide&quot;,&quot;transition_speed&quot;:500}\" data-widget_type=\"slides.default\">\n\t\t\t\t\t\t\t\t\t\t<div class=\"elementor-slides-wrapper elementor-main-swiper swiper\" role=\"region\" aria-roledescription=\"carousel\" aria-label=\"Slides\" dir=\"ltr\" data-animation=\"fadeInUp\">\n\t\t\t\t<div class=\"swiper-wrapper elementor-slides\">\n\t\t\t\t\t\t\t\t\t\t<div class=\"elementor-repeater-item-ed1f705 swiper-slide\" role=\"group\" aria-roledescription=\"slide\"><div class=\"swiper-slide-bg elementor-ken-burns elementor-ken-burns--in\" role=\"img\" aria-label=\"Carrusel_3\"><\/div><div class=\"elementor-background-overlay\"><\/div><a class=\"swiper-slide-inner\" href=\"https:\/\/www.bcmanagers.com\/index.php\/que-ofrecemos\/\"><div class=\"swiper-slide-contents\"><div class=\"elementor-slide-heading\">Impulsamos el crecimiento sostenible de tu empresa<\/div><div class=\"elementor-slide-description\">M\u00e1s de 20 a\u00f1os ayudando a empresas a mejorar su rentabilidad y competitividad en entornos complejos.\n<\/div><div  class=\"elementor-button elementor-slide-button elementor-size-sm\">M\u00e1s informaci\u00f3n<\/div><\/div><\/a><\/div><div class=\"elementor-repeater-item-c4dc54f swiper-slide\" role=\"group\" aria-roledescription=\"slide\"><div class=\"swiper-slide-bg elementor-ken-burns elementor-ken-burns--in\" role=\"img\" aria-label=\"Carrusel_1\"><\/div><div class=\"elementor-background-overlay\"><\/div><a class=\"swiper-slide-inner\" href=\"https:\/\/www.bcmanagers.com\/index.php\/quines-somos\/\"><div class=\"swiper-slide-contents\"><div class=\"elementor-slide-heading\">Somos un equipo multidisciplinar de ingenieros y economistas con m\u00e1s de dos d\u00e9cadas de experiencia ayudando a empresas a afrontar retos estrat\u00e9gicos, organizativos y de gesti\u00f3n.<\/div><div  class=\"elementor-button elementor-slide-button elementor-size-sm\">Te ayudamos<\/div><\/div><\/a><\/div>\t\t\t\t<\/div>\n\t\t\t\t\t\t\t\t\t\t\t\t\t\t\t<div class=\"elementor-swiper-button elementor-swiper-button-prev\" role=\"button\" tabindex=\"0\" aria-label=\"Previous slide\">\n\t\t\t\t\t\t\t<svg aria-hidden=\"true\" class=\"e-font-icon-svg e-eicon-chevron-left\" viewBox=\"0 0 1000 1000\" xmlns=\"http:\/\/www.w3.org\/2000\/svg\"><path d=\"M646 125C629 125 613 133 604 142L308 442C296 454 292 471 292 487 292 504 296 521 308 533L604 854C617 867 629 875 646 875 663 875 679 871 692 858 704 846 713 829 713 812 713 796 708 779 692 767L438 487 692 225C700 217 708 204 708 187 708 171 704 154 692 142 675 129 663 125 646 125Z\"><\/path><\/svg>\t\t\t\t\t\t<\/div>\n\t\t\t\t\t\t<div class=\"elementor-swiper-button elementor-swiper-button-next\" role=\"button\" tabindex=\"0\" aria-label=\"Next slide\">\n\t\t\t\t\t\t\t<svg aria-hidden=\"true\" class=\"e-font-icon-svg e-eicon-chevron-right\" viewBox=\"0 0 1000 1000\" xmlns=\"http:\/\/www.w3.org\/2000\/svg\"><path d=\"M696 533C708 521 713 504 713 487 713 471 708 454 696 446L400 146C388 133 375 125 354 125 338 125 325 129 313 142 300 154 292 171 292 187 292 204 296 221 308 233L563 492 304 771C292 783 288 800 288 817 288 833 296 850 308 863 321 871 338 875 354 875 371 875 388 867 400 854L696 533Z\"><\/path><\/svg>\t\t\t\t\t\t<\/div>\n\t\t\t\t\t\t\t\t\t\t\t\t\t\t\t\t<div class=\"swiper-pagination\"><\/div>\n\t\t\t\t\t\t\t\t\t\t\t\t<\/div>\n\t\t\t\t\t\t\t\t<\/div>\n\t\t\t\t<\/div>\n\t\t<div class=\"elementor-element elementor-element-f33d7b7 e-flex e-con-boxed e-con e-parent\" data-id=\"f33d7b7\" data-element_type=\"container\" data-e-type=\"container\">\n\t\t\t\t\t<div class=\"e-con-inner\">\n\t\t\t\t<div class=\"elementor-element elementor-element-e0eb7fd elementor-widget elementor-widget-spacer\" data-id=\"e0eb7fd\" data-element_type=\"widget\" data-e-type=\"widget\" data-widget_type=\"spacer.default\">\n\t\t\t\t\t\t\t<div class=\"elementor-spacer\">\n\t\t\t<div class=\"elementor-spacer-inner\"><\/div>\n\t\t<\/div>\n\t\t\t\t\t\t<\/div>\n\t\t\t\t\t<\/div>\n\t\t\t\t<\/div>\n\t\t<div class=\"elementor-element elementor-element-776e94c e-flex e-con-boxed e-con e-parent\" data-id=\"776e94c\" data-element_type=\"container\" data-e-type=\"container\">\n\t\t\t\t\t<div class=\"e-con-inner\">\n\t\t<div class=\"elementor-element elementor-element-c8b858a e-con-full e-flex e-con e-child\" data-id=\"c8b858a\" data-element_type=\"container\" data-e-type=\"container\">\n\t\t\t\t<div class=\"elementor-element elementor-element-8c4b648 elementor-widget elementor-widget-text-editor\" data-id=\"8c4b648\" data-element_type=\"widget\" data-e-type=\"widget\" data-widget_type=\"text-editor.default\">\n\t\t\t\t\t\t\t\t\t<p class=\"my-2 [&amp;+p]:mt-4 [&amp;_strong:has(+br)]:inline-block [&amp;_strong:has(+br)]:pb-2\"><span style=\"color: #000000;\">En <strong>BCManagers<\/strong>, nos apasiona impulsar el \u00e9xito de las empresas mediante un\u00a0<strong>servicio personalizado de consultor\u00eda estrat\u00e9gica, organizativa y de gesti\u00f3n<\/strong>. Con m\u00e1s de 20 a\u00f1os de experiencia, dise\u00f1amos soluciones a medida que no solo resuelven problemas inmediatos, sino que aseguran el\u00a0<strong>crecimiento sostenible y rentable<\/strong>\u00a0de tu organizaci\u00f3n a largo plazo. Ya sea que est\u00e9s enfrentando retos en un mercado vol\u00e1til, optimizando operaciones o expandi\u00e9ndote internacionalmente, nuestro equipo multidisciplinar te proporciona las herramientas para competir con ventaja.<\/span><\/p>\t\t\t\t\t\t\t\t<\/div>\n\t\t\t\t<\/div>\n\t\t<div class=\"elementor-element elementor-element-2df6917 e-con-full e-flex e-con e-child\" data-id=\"2df6917\" data-element_type=\"container\" data-e-type=\"container\">\n\t\t\t\t<div class=\"elementor-element elementor-element-aa9b1c3 elementor-widget elementor-widget-image\" data-id=\"aa9b1c3\" data-element_type=\"widget\" data-e-type=\"widget\" data-widget_type=\"image.default\">\n\t\t\t\t\t\t\t\t\t\t\t\t\t\t\t<img fetchpriority=\"high\" decoding=\"async\" width=\"1024\" height=\"646\" src=\"https:\/\/www.bcmanagers.com\/wp-content\/uploads\/2026\/01\/teamwork-3213924-1024x646.jpg\" class=\"attachment-large size-large wp-image-136\" alt=\"\" srcset=\"https:\/\/www.bcmanagers.com\/wp-content\/uploads\/2026\/01\/teamwork-3213924-1024x646.jpg 1024w, https:\/\/www.bcmanagers.com\/wp-content\/uploads\/2026\/01\/teamwork-3213924-300x189.jpg 300w, https:\/\/www.bcmanagers.com\/wp-content\/uploads\/2026\/01\/teamwork-3213924-768x484.jpg 768w, https:\/\/www.bcmanagers.com\/wp-content\/uploads\/2026\/01\/teamwork-3213924-1536x968.jpg 1536w, https:\/\/www.bcmanagers.com\/wp-content\/uploads\/2026\/01\/teamwork-3213924-2048x1291.jpg 2048w\" sizes=\"(max-width: 1024px) 100vw, 1024px\" \/>\t\t\t\t\t\t\t\t\t\t\t\t\t\t\t<\/div>\n\t\t\t\t<\/div>\n\t\t\t\t\t<\/div>\n\t\t\t\t<\/div>\n\t\t<div class=\"elementor-element elementor-element-80a7f02 e-flex e-con-boxed e-con e-parent\" data-id=\"80a7f02\" data-element_type=\"container\" data-e-type=\"container\">\n\t\t\t\t\t<div class=\"e-con-inner\">\n\t\t<div class=\"elementor-element elementor-element-36964b7 e-con-full e-flex e-con e-child\" data-id=\"36964b7\" data-element_type=\"container\" data-e-type=\"container\">\n\t\t\t\t<div class=\"elementor-element elementor-element-6b42177 elementor-widget elementor-widget-image\" data-id=\"6b42177\" data-element_type=\"widget\" data-e-type=\"widget\" data-widget_type=\"image.default\">\n\t\t\t\t\t\t\t\t\t\t\t\t\t\t\t<img decoding=\"async\" width=\"1024\" height=\"683\" src=\"https:\/\/www.bcmanagers.com\/wp-content\/uploads\/2026\/01\/apple-1867752-1024x683.jpg\" class=\"attachment-large size-large wp-image-138\" alt=\"\" srcset=\"https:\/\/www.bcmanagers.com\/wp-content\/uploads\/2026\/01\/apple-1867752-1024x683.jpg 1024w, https:\/\/www.bcmanagers.com\/wp-content\/uploads\/2026\/01\/apple-1867752-300x200.jpg 300w, https:\/\/www.bcmanagers.com\/wp-content\/uploads\/2026\/01\/apple-1867752-768x512.jpg 768w, https:\/\/www.bcmanagers.com\/wp-content\/uploads\/2026\/01\/apple-1867752-1536x1025.jpg 1536w, https:\/\/www.bcmanagers.com\/wp-content\/uploads\/2026\/01\/apple-1867752-2048x1367.jpg 2048w, https:\/\/www.bcmanagers.com\/wp-content\/uploads\/2026\/01\/apple-1867752-930x620.jpg 930w\" sizes=\"(max-width: 1024px) 100vw, 1024px\" \/>\t\t\t\t\t\t\t\t\t\t\t\t\t\t\t<\/div>\n\t\t\t\t<\/div>\n\t\t<div class=\"elementor-element elementor-element-4f3b381 e-con-full e-flex e-con e-child\" data-id=\"4f3b381\" data-element_type=\"container\" data-e-type=\"container\">\n\t\t\t\t<div class=\"elementor-element elementor-element-06d06ab elementor-widget elementor-widget-text-editor\" data-id=\"06d06ab\" data-element_type=\"widget\" data-e-type=\"widget\" data-widget_type=\"text-editor.default\">\n\t\t\t\t\t\t\t\t\t<p class=\"my-2 [&amp;+p]:mt-4 [&amp;_strong:has(+br)]:inline-block [&amp;_strong:has(+br)]:pb-2\"><span style=\"color: #000000;\">Nuestro cat\u00e1logo de servicios es integral y flexible, adapt\u00e1ndose a startups, PYMES y grandes corporaciones:<\/span><\/p><ul class=\"marker:text-quiet list-disc\"><li class=\"py-0 my-0 prose-p:pt-0 prose-p:mb-2 prose-p:my-0 [&amp;&gt;p]:pt-0 [&amp;&gt;p]:mb-2 [&amp;&gt;p]:my-0\"><p class=\"my-2 [&amp;+p]:mt-4 [&amp;_strong:has(+br)]:inline-block [&amp;_strong:has(+br)]:pb-2\"><span style=\"color: #000000;\"><strong>Consultor\u00eda estrat\u00e9gica<\/strong>: Definimos visiones claras, analizamos mercados y elaboramos planes de negocio que alinean objetivos con acciones concretas.<\/span><\/p><\/li><li class=\"py-0 my-0 prose-p:pt-0 prose-p:mb-2 prose-p:my-0 [&amp;&gt;p]:pt-0 [&amp;&gt;p]:mb-2 [&amp;&gt;p]:my-0\"><p class=\"my-2 [&amp;+p]:mt-4 [&amp;_strong:has(+br)]:inline-block [&amp;_strong:has(+br)]:pb-2\"><span style=\"color: #000000;\"><strong>Consultor\u00eda organizativa<\/strong>: Reestructuramos equipos, procesos y culturas empresariales para mayor agilidad y eficiencia.<\/span><\/p><\/li><li class=\"py-0 my-0 prose-p:pt-0 prose-p:mb-2 prose-p:my-0 [&amp;&gt;p]:pt-0 [&amp;&gt;p]:mb-2 [&amp;&gt;p]:my-0\"><p class=\"my-2 [&amp;+p]:mt-4 [&amp;_strong:has(+br)]:inline-block [&amp;_strong:has(+br)]:pb-2\"><span style=\"color: #000000;\"><strong>Consultor\u00eda de gesti\u00f3n<\/strong>: Optimizamos finanzas, operaciones y recursos humanos, con foco en KPIs medibles y ROI visible.<\/span><\/p><\/li><\/ul><p class=\"my-2 [&amp;+p]:mt-4 [&amp;_strong:has(+br)]:inline-block [&amp;_strong:has(+br)]:pb-2\"><span style=\"color: #000000;\">Un pilar clave de nuestro enfoque es el\u00a0<strong>interim management<\/strong>. Nuestros expertos act\u00faan como directivos temporales en tu empresa, acompa\u00f1\u00e1ndote en cada fase de implantaci\u00f3n. Esto minimiza riesgos, acelera resultados y transfiere conocimiento interno, permitiendo que tu equipo asuma el control con confianza. Ideal para transiciones ejecutivas, proyectos de transformaci\u00f3n digital o crisis operativas.<\/span><\/p>\t\t\t\t\t\t\t\t<\/div>\n\t\t\t\t<\/div>\n\t\t\t\t\t<\/div>\n\t\t\t\t<\/div>\n\t\t<div class=\"elementor-element elementor-element-e5351f8 e-flex e-con-boxed e-con e-parent\" data-id=\"e5351f8\" data-element_type=\"container\" data-e-type=\"container\">\n\t\t\t\t\t<div class=\"e-con-inner\">\n\t\t<div class=\"elementor-element elementor-element-0a7b048 e-con-full e-flex e-con e-child\" data-id=\"0a7b048\" data-element_type=\"container\" data-e-type=\"container\">\n\t\t\t\t<div class=\"elementor-element elementor-element-5045978 elementor-widget elementor-widget-text-editor\" data-id=\"5045978\" data-element_type=\"widget\" data-e-type=\"widget\" data-widget_type=\"text-editor.default\">\n\t\t\t\t\t\t\t\t\t<h2 class=\"mb-2 mt-4 font-sans font-semimedium text-base first:mt-0\"><span style=\"color: #000000;\">Beneficios probados de nuestros servicios<\/span><\/h2><ul class=\"marker:text-quiet list-disc\"><li class=\"py-0 my-0 prose-p:pt-0 prose-p:mb-2 prose-p:my-0 [&amp;&gt;p]:pt-0 [&amp;&gt;p]:mb-2 [&amp;&gt;p]:my-0\"><p class=\"my-2 [&amp;+p]:mt-4 [&amp;_strong:has(+br)]:inline-block [&amp;_strong:has(+br)]:pb-2\"><span style=\"color: #000000;\"><strong>Crecimiento rentable<\/strong>: Incrementos medios del 25-40% en m\u00e1rgenes operativos, seg\u00fan casos reales.<\/span><\/p><\/li><li class=\"py-0 my-0 prose-p:pt-0 prose-p:mb-2 prose-p:my-0 [&amp;&gt;p]:pt-0 [&amp;&gt;p]:mb-2 [&amp;&gt;p]:my-0\"><p class=\"my-2 [&amp;+p]:mt-4 [&amp;_strong:has(+br)]:inline-block [&amp;_strong:has(+br)]:pb-2\"><span style=\"color: #000000;\"><strong>Eficiencia operativa<\/strong>: Reducci\u00f3n de costes hasta un 30% mediante procesos optimizados.<\/span><\/p><\/li><li class=\"py-0 my-0 prose-p:pt-0 prose-p:mb-2 prose-p:my-0 [&amp;&gt;p]:pt-0 [&amp;&gt;p]:mb-2 [&amp;&gt;p]:my-0\"><p class=\"my-2 [&amp;+p]:mt-4 [&amp;_strong:has(+br)]:inline-block [&amp;_strong:has(+br)]:pb-2\"><span style=\"color: #000000;\"><strong>Adaptabilidad<\/strong>: Soluciones escalables que evolucionan con tu negocio.<\/span><\/p><\/li><li class=\"py-0 my-0 prose-p:pt-0 prose-p:mb-2 prose-p:my-0 [&amp;&gt;p]:pt-0 [&amp;&gt;p]:mb-2 [&amp;&gt;p]:my-0\"><p class=\"my-2 [&amp;+p]:mt-4 [&amp;_strong:has(+br)]:inline-block [&amp;_strong:has(+br)]:pb-2\"><span style=\"color: #000000;\"><strong>Resultados medibles<\/strong>: Informes detallados con m\u00e9tricas claras y seguimiento post-implantaci\u00f3n.<\/span><\/p><\/li><\/ul><p class=\"my-2 [&amp;+p]:mt-4 [&amp;_strong:has(+br)]:inline-block [&amp;_strong:has(+br)]:pb-2\"><span style=\"color: #000000;\">Por ejemplo, ayudamos a una PYME manufacturera a reestructurar su cadena de suministro durante la pandemia, logrando un ahorro del 35% en log\u00edstica y un aumento del 20% en ventas online.<\/span><\/p>\t\t\t\t\t\t\t\t<\/div>\n\t\t\t\t<\/div>\n\t\t<div class=\"elementor-element elementor-element-b7d5a4d e-con-full e-flex e-con e-child\" data-id=\"b7d5a4d\" data-element_type=\"container\" data-e-type=\"container\">\n\t\t\t\t<div class=\"elementor-element elementor-element-3f25a96 elementor-widget elementor-widget-image\" data-id=\"3f25a96\" data-element_type=\"widget\" data-e-type=\"widget\" data-widget_type=\"image.default\">\n\t\t\t\t\t\t\t\t\t\t\t\t\t\t\t<img decoding=\"async\" width=\"1024\" height=\"576\" src=\"https:\/\/www.bcmanagers.com\/wp-content\/uploads\/2026\/01\/pexels-artempodrez-5716001-1-1024x576.jpg\" class=\"attachment-large size-large wp-image-139\" alt=\"\" srcset=\"https:\/\/www.bcmanagers.com\/wp-content\/uploads\/2026\/01\/pexels-artempodrez-5716001-1-1024x576.jpg 1024w, https:\/\/www.bcmanagers.com\/wp-content\/uploads\/2026\/01\/pexels-artempodrez-5716001-1-300x169.jpg 300w, https:\/\/www.bcmanagers.com\/wp-content\/uploads\/2026\/01\/pexels-artempodrez-5716001-1-768x432.jpg 768w, https:\/\/www.bcmanagers.com\/wp-content\/uploads\/2026\/01\/pexels-artempodrez-5716001-1-1536x864.jpg 1536w, https:\/\/www.bcmanagers.com\/wp-content\/uploads\/2026\/01\/pexels-artempodrez-5716001-1-2048x1152.jpg 2048w\" sizes=\"(max-width: 1024px) 100vw, 1024px\" \/>\t\t\t\t\t\t\t\t\t\t\t\t\t\t\t<\/div>\n\t\t\t\t<\/div>\n\t\t\t\t\t<\/div>\n\t\t\t\t<\/div>\n\t\t<div class=\"elementor-element elementor-element-54553a3 e-flex e-con-boxed e-con e-parent\" data-id=\"54553a3\" data-element_type=\"container\" data-e-type=\"container\">\n\t\t\t\t\t<div class=\"e-con-inner\">\n\t\t<div class=\"elementor-element elementor-element-9c116c9 e-con-full e-flex e-con e-child\" data-id=\"9c116c9\" data-element_type=\"container\" data-e-type=\"container\">\n\t\t\t\t<div class=\"elementor-element elementor-element-dfbb0b2 elementor-widget elementor-widget-image\" data-id=\"dfbb0b2\" data-element_type=\"widget\" data-e-type=\"widget\" data-widget_type=\"image.default\">\n\t\t\t\t\t\t\t\t\t\t\t\t\t\t\t<img loading=\"lazy\" decoding=\"async\" width=\"1024\" height=\"683\" src=\"https:\/\/www.bcmanagers.com\/wp-content\/uploads\/2026\/01\/desk-593327-1024x683.jpg\" class=\"attachment-large size-large wp-image-137\" alt=\"\" srcset=\"https:\/\/www.bcmanagers.com\/wp-content\/uploads\/2026\/01\/desk-593327-1024x683.jpg 1024w, https:\/\/www.bcmanagers.com\/wp-content\/uploads\/2026\/01\/desk-593327-300x200.jpg 300w, https:\/\/www.bcmanagers.com\/wp-content\/uploads\/2026\/01\/desk-593327-768x512.jpg 768w, https:\/\/www.bcmanagers.com\/wp-content\/uploads\/2026\/01\/desk-593327-1536x1024.jpg 1536w, https:\/\/www.bcmanagers.com\/wp-content\/uploads\/2026\/01\/desk-593327-2048x1365.jpg 2048w, https:\/\/www.bcmanagers.com\/wp-content\/uploads\/2026\/01\/desk-593327-930x620.jpg 930w\" sizes=\"(max-width: 1024px) 100vw, 1024px\" \/>\t\t\t\t\t\t\t\t\t\t\t\t\t\t\t<\/div>\n\t\t\t\t<\/div>\n\t\t<div class=\"elementor-element elementor-element-3251f5a e-con-full e-flex e-con e-child\" data-id=\"3251f5a\" data-element_type=\"container\" data-e-type=\"container\">\n\t\t\t\t<div class=\"elementor-element elementor-element-3559f2b elementor-widget elementor-widget-text-editor\" data-id=\"3559f2b\" data-element_type=\"widget\" data-e-type=\"widget\" data-widget_type=\"text-editor.default\">\n\t\t\t\t\t\t\t\t\t<h2 class=\"mb-2 mt-4 font-sans font-semimedium text-base first:mt-0\"><span style=\"color: #000000;\">Nuestra metodolog\u00eda paso a paso<\/span><\/h2><p class=\"my-2 [&amp;+p]:mt-4 [&amp;_strong:has(+br)]:inline-block [&amp;_strong:has(+br)]:pb-2\"><span style=\"color: #000000;\">Empleamos un proceso riguroso y colaborativo, dividido en cuatro fases clave para garantizar el \u00e9xito:<\/span><\/p><ol class=\"marker:text-quiet list-decimal\"><li class=\"py-0 my-0 prose-p:pt-0 prose-p:mb-2 prose-p:my-0 [&amp;&gt;p]:pt-0 [&amp;&gt;p]:mb-2 [&amp;&gt;p]:my-0\"><p class=\"my-2 [&amp;+p]:mt-4 [&amp;_strong:has(+br)]:inline-block [&amp;_strong:has(+br)]:pb-2\"><span style=\"color: #000000;\"><strong>Diagn\u00f3stico exhaustivo<\/strong>: Analizamos en profundidad tus problemas y necesidades actuales. Identificamos las \u00e1reas cr\u00edticas afectadas (finanzas, operaciones, RRHH, etc.) y evaluamos su impacto cuantitativo y cualitativo en la organizaci\u00f3n. Utilizamos herramientas como an\u00e1lisis SWOT, benchmarking y auditor\u00edas internas.<\/span><\/p><\/li><li class=\"py-0 my-0 prose-p:pt-0 prose-p:mb-2 prose-p:my-0 [&amp;&gt;p]:pt-0 [&amp;&gt;p]:mb-2 [&amp;&gt;p]:my-0\"><p class=\"my-2 [&amp;+p]:mt-4 [&amp;_strong:has(+br)]:inline-block [&amp;_strong:has(+br)]:pb-2\"><span style=\"color: #000000;\"><strong>Dise\u00f1o de soluciones personalizadas<\/strong>: Proponemos estrategias adaptadas a la realidad \u00fanica de tu empresa: cultura, tama\u00f1o, sector y recursos disponibles. Colaboramos contigo para refinar ideas innovadoras, desde modelos de negocio disruptivos hasta herramientas digitales de vanguardia.<\/span><\/p><\/li><li class=\"py-0 my-0 prose-p:pt-0 prose-p:mb-2 prose-p:my-0 [&amp;&gt;p]:pt-0 [&amp;&gt;p]:mb-2 [&amp;&gt;p]:my-0\"><p class=\"my-2 [&amp;+p]:mt-4 [&amp;_strong:has(+br)]:inline-block [&amp;_strong:has(+br)]:pb-2\"><span style=\"color: #000000;\"><strong>B\u00fasqueda y movilizaci\u00f3n de recursos<\/strong>: Te asesoramos en la obtenci\u00f3n de talento humano especializado, tecnolog\u00eda puntera y financiaci\u00f3n \u00f3ptima. Nuestra red de colaboradores prestigiosos facilita alianzas estrat\u00e9gicas y acceso a inversores.<\/span><\/p><\/li><li class=\"py-0 my-0 prose-p:pt-0 prose-p:mb-2 prose-p:my-0 [&amp;&gt;p]:pt-0 [&amp;&gt;p]:mb-2 [&amp;&gt;p]:my-0\"><p class=\"my-2 [&amp;+p]:mt-4 [&amp;_strong:has(+br)]:inline-block [&amp;_strong:has(+br)]:pb-2\"><span style=\"color: #000000;\"><strong>Implantaci\u00f3n y seguimiento<\/strong>: A trav\u00e9s del interim management, ejecutamos el plan con supervisi\u00f3n diaria. Ofrecemos soporte post-proyecto para ajustes y medici\u00f3n de resultados a 6, 12 y 24 meses.<\/span><\/p><\/li><\/ol>\t\t\t\t\t\t\t\t<\/div>\n\t\t\t\t<\/div>\n\t\t\t\t\t<\/div>\n\t\t\t\t<\/div>\n\t\t\t\t<\/div>\n\t\t","protected":false},"excerpt":{"rendered":"<p>Impulsamos el crecimiento sostenible de tu empresaM\u00e1s de 20 a\u00f1os ayudando a empresas a mejorar su rentabilidad y competitividad en entornos complejos. M\u00e1s informaci\u00f3nSomos un equipo multidisciplinar de ingenieros y economistas con m\u00e1s de dos d\u00e9cadas de experiencia ayudando a empresas a afrontar retos estrat\u00e9gicos, organizativos y de gesti\u00f3n.Te ayudamos En BCManagers, nos apasiona impulsar&hellip;&nbsp;<\/p>\n","protected":false},"author":1,"featured_media":0,"parent":0,"menu_order":0,"comment_status":"closed","ping_status":"closed","template":"elementor_header_footer","meta":{"neve_meta_sidebar":"","neve_meta_container":"","neve_meta_enable_content_width":"","neve_meta_content_width":0,"neve_meta_title_alignment":"","neve_meta_author_avatar":"","neve_post_elements_order":"","neve_meta_disable_header":"","neve_meta_disable_footer":"","neve_meta_disable_title":"","footnotes":""},"class_list":["post-32","page","type-page","status-publish","hentry"],"_links":{"self":[{"href":"https:\/\/www.bcmanagers.com\/index.php\/wp-json\/wp\/v2\/pages\/32","targetHints":{"allow":["GET"]}}],"collection":[{"href":"https:\/\/www.bcmanagers.com\/index.php\/wp-json\/wp\/v2\/pages"}],"about":[{"href":"https:\/\/www.bcmanagers.com\/index.php\/wp-json\/wp\/v2\/types\/page"}],"author":[{"embeddable":true,"href":"https:\/\/www.bcmanagers.com\/index.php\/wp-json\/wp\/v2\/users\/1"}],"replies":[{"embeddable":true,"href":"https:\/\/www.bcmanagers.com\/index.php\/wp-json\/wp\/v2\/comments?post=32"}],"version-history":[{"count":80,"href":"https:\/\/www.bcmanagers.com\/index.php\/wp-json\/wp\/v2\/pages\/32\/revisions"}],"predecessor-version":[{"id":377,"href":"https:\/\/www.bcmanagers.com\/index.php\/wp-json\/wp\/v2\/pages\/32\/revisions\/377"}],"wp:attachment":[{"href":"https:\/\/www.bcmanagers.com\/index.php\/wp-json\/wp\/v2\/media?parent=32"}],"curies":[{"name":"wp","href":"https:\/\/api.w.org\/{rel}","templated":true}]}}