{"id":379,"date":"2026-01-23T13:45:34","date_gmt":"2026-01-23T12:45:34","guid":{"rendered":"https:\/\/www.bcmanagers.com\/?page_id=379"},"modified":"2026-01-23T13:53:35","modified_gmt":"2026-01-23T12:53:35","slug":"debt-value-creation","status":"publish","type":"page","link":"https:\/\/www.bcmanagers.com\/index.php\/debt-value-creation\/","title":{"rendered":"Debt &#038; Value Creation"},"content":{"rendered":"\t\t<div data-elementor-type=\"wp-page\" data-elementor-id=\"379\" class=\"elementor elementor-379\" data-elementor-post-type=\"page\">\n\t\t\t\t<div class=\"elementor-element elementor-element-1ebf47f2 e-flex e-con-boxed e-con e-parent\" data-id=\"1ebf47f2\" data-element_type=\"container\" data-e-type=\"container\">\n\t\t\t\t\t<div class=\"e-con-inner\">\n\t\t\t\t<div class=\"elementor-element elementor-element-3772499c elementor-widget elementor-widget-text-editor\" data-id=\"3772499c\" data-element_type=\"widget\" data-e-type=\"widget\" data-widget_type=\"text-editor.default\">\n\t\t\t\t\t\t\t\t\t\n<h3 class=\"wp-block-heading\"><\/h3>\n\n\n\n<p><\/p>\n\t\t\t\t\t\t\t\t<\/div>\n\t\t\t\t\t<\/div>\n\t\t\t\t<\/div>\n\t\t<div class=\"elementor-element elementor-element-1b6657b e-flex e-con-boxed e-con e-parent\" data-id=\"1b6657b\" data-element_type=\"container\" data-e-type=\"container\">\n\t\t\t\t\t<div class=\"e-con-inner\">\n\t\t\t\t<div class=\"elementor-element elementor-element-c7bd6ee elementor-invisible elementor-widget elementor-widget-heading\" data-id=\"c7bd6ee\" data-element_type=\"widget\" data-e-type=\"widget\" data-settings=\"{&quot;_animation&quot;:&quot;fadeInUp&quot;}\" data-widget_type=\"heading.default\">\n\t\t\t\t\t<h2 class=\"elementor-heading-title elementor-size-default\">Debt &amp; Value Creation<\/h2>\t\t\t\t<\/div>\n\t\t\t\t\t<\/div>\n\t\t\t\t<\/div>\n\t\t<div class=\"elementor-element elementor-element-6efaab1 e-flex e-con-boxed e-con e-parent\" data-id=\"6efaab1\" data-element_type=\"container\" data-e-type=\"container\">\n\t\t\t\t\t<div class=\"e-con-inner\">\n\t\t\t\t<div class=\"elementor-element elementor-element-4d7ab98 elementor-widget elementor-widget-text-editor\" data-id=\"4d7ab98\" data-element_type=\"widget\" data-e-type=\"widget\" data-widget_type=\"text-editor.default\">\n\t\t\t\t\t\t\t\t\t<p data-start=\"358\" data-end=\"557\"><span style=\"color: #000000;\">En <strong data-start=\"361\" data-end=\"376\">BC Managers<\/strong> proporcionamos servicios integrales de <strong data-start=\"416\" data-end=\"456\">asesoramiento financiero y operativo<\/strong> en contextos de <strong data-start=\"473\" data-end=\"556\">transformaci\u00f3n, turnaround, reestructuraci\u00f3n y situaciones especiales complejas<\/strong>.<\/span><\/p>\n<p data-start=\"559\" data-end=\"912\"><span style=\"color: #000000;\">Actuamos cuando el <strong data-start=\"578\" data-end=\"640\">tiempo, el diagn\u00f3stico preciso y la capacidad de ejecuci\u00f3n<\/strong> son cr\u00edticos. Nuestro enfoque combina an\u00e1lisis riguroso, liderazgo experimentado y una implantaci\u00f3n disciplinada de medidas operativas y financieras orientadas a <strong data-start=\"803\" data-end=\"837\">maximizar o preservar el valor<\/strong>, garantizando la <strong data-start=\"855\" data-end=\"885\">sostenibilidad del negocio<\/strong> en el corto y medio plazo.<\/span><\/p>\t\t\t\t\t\t\t\t<\/div>\n\t\t\t\t\t<\/div>\n\t\t\t\t<\/div>\n\t\t<div class=\"elementor-element elementor-element-8824d3e e-flex e-con-boxed e-con e-parent\" data-id=\"8824d3e\" data-element_type=\"container\" data-e-type=\"container\">\n\t\t\t\t\t<div class=\"e-con-inner\">\n\t\t<div class=\"elementor-element elementor-element-d9ee205 e-con-full e-flex e-con e-child\" data-id=\"d9ee205\" data-element_type=\"container\" data-e-type=\"container\">\n\t\t\t\t<div class=\"elementor-element elementor-element-b3ce7a9 elementor-widget elementor-widget-text-editor\" data-id=\"b3ce7a9\" data-element_type=\"widget\" data-e-type=\"widget\" data-widget_type=\"text-editor.default\">\n\t\t\t\t\t\t\t\t\t<h2 data-start=\"919\" data-end=\"937\"><span style=\"color: #000000;\">Nuestro enfoque<\/span><\/h2>\n<p data-start=\"939\" data-end=\"1122\"><span style=\"color: #000000;\">Acompa\u00f1amos a nuestros clientes desde el <strong data-start=\"980\" data-end=\"1003\">diagn\u00f3stico inicial<\/strong> hasta la <strong data-start=\"1013\" data-end=\"1056\">implantaci\u00f3n efectiva de las soluciones<\/strong>, con una orientaci\u00f3n clara a resultados y creaci\u00f3n de valor real.<\/span><\/p>\n<ul>\n<li data-start=\"1126\" data-end=\"1161\"><span style=\"color: #000000;\">Diagn\u00f3stico r\u00e1pido y estructurado<\/span><\/li>\n<li data-start=\"1164\" data-end=\"1212\"><span style=\"color: #000000;\">Estabilizaci\u00f3n del negocio y gesti\u00f3n de crisis<\/span><\/li>\n<li data-start=\"1215\" data-end=\"1270\"><span style=\"color: #000000;\">Dise\u00f1o y ejecuci\u00f3n de planes operativos y financieros<\/span><\/li>\n<li data-start=\"1273\" data-end=\"1318\"><span style=\"color: #000000;\">Seguimiento mediante KPIs claros y medibles<\/span><\/li>\n<\/ul>\n<p data-start=\"1320\" data-end=\"1410\">\u00a0<\/p>\n<p data-start=\"1320\" data-end=\"1410\"><span style=\"color: #000000;\">No nos quedamos en la recomendaci\u00f3n: <strong data-start=\"1357\" data-end=\"1409\">ejecutamos y acompa\u00f1amos hasta lograr resultados<\/strong>.<\/span><\/p>\t\t\t\t\t\t\t\t<\/div>\n\t\t\t\t<\/div>\n\t\t<div class=\"elementor-element elementor-element-4f9115f e-con-full e-flex e-con e-child\" data-id=\"4f9115f\" data-element_type=\"container\" data-e-type=\"container\">\n\t\t\t\t<div class=\"elementor-element elementor-element-8ecbaa4 elementor-widget elementor-widget-image\" data-id=\"8ecbaa4\" data-element_type=\"widget\" data-e-type=\"widget\" data-widget_type=\"image.default\">\n\t\t\t\t\t\t\t\t\t\t\t\t\t\t\t<img fetchpriority=\"high\" decoding=\"async\" width=\"768\" height=\"768\" src=\"https:\/\/www.bcmanagers.com\/wp-content\/uploads\/2026\/01\/Gemini_Generated_Image_2a6n7w2a6n7w2a6n-768x768.png\" class=\"attachment-medium_large size-medium_large wp-image-202\" alt=\"\" srcset=\"https:\/\/www.bcmanagers.com\/wp-content\/uploads\/2026\/01\/Gemini_Generated_Image_2a6n7w2a6n7w2a6n-768x768.png 768w, https:\/\/www.bcmanagers.com\/wp-content\/uploads\/2026\/01\/Gemini_Generated_Image_2a6n7w2a6n7w2a6n-300x300.png 300w, https:\/\/www.bcmanagers.com\/wp-content\/uploads\/2026\/01\/Gemini_Generated_Image_2a6n7w2a6n7w2a6n-150x150.png 150w, https:\/\/www.bcmanagers.com\/wp-content\/uploads\/2026\/01\/Gemini_Generated_Image_2a6n7w2a6n7w2a6n.png 1024w\" sizes=\"(max-width: 768px) 100vw, 768px\" \/>\t\t\t\t\t\t\t\t\t\t\t\t\t\t\t<\/div>\n\t\t\t\t<\/div>\n\t\t\t\t\t<\/div>\n\t\t\t\t<\/div>\n\t\t<div class=\"elementor-element elementor-element-c8984ea e-flex e-con-boxed e-con e-parent\" data-id=\"c8984ea\" data-element_type=\"container\" data-e-type=\"container\">\n\t\t\t\t\t<div class=\"e-con-inner\">\n\t\t<div class=\"elementor-element elementor-element-309574e e-con-full e-flex e-con e-child\" data-id=\"309574e\" data-element_type=\"container\" data-e-type=\"container\">\n\t\t\t\t<div class=\"elementor-element elementor-element-f8c2dfc elementor-widget elementor-widget-image\" data-id=\"f8c2dfc\" data-element_type=\"widget\" data-e-type=\"widget\" data-widget_type=\"image.default\">\n\t\t\t\t\t\t\t\t\t\t\t\t\t\t\t<img decoding=\"async\" width=\"1024\" height=\"576\" src=\"https:\/\/www.bcmanagers.com\/wp-content\/uploads\/2026\/01\/pexels-artempodrez-5716001-1-1024x576.jpg\" class=\"attachment-large size-large wp-image-139\" alt=\"\" srcset=\"https:\/\/www.bcmanagers.com\/wp-content\/uploads\/2026\/01\/pexels-artempodrez-5716001-1-1024x576.jpg 1024w, https:\/\/www.bcmanagers.com\/wp-content\/uploads\/2026\/01\/pexels-artempodrez-5716001-1-300x169.jpg 300w, https:\/\/www.bcmanagers.com\/wp-content\/uploads\/2026\/01\/pexels-artempodrez-5716001-1-768x432.jpg 768w, https:\/\/www.bcmanagers.com\/wp-content\/uploads\/2026\/01\/pexels-artempodrez-5716001-1-1536x864.jpg 1536w, https:\/\/www.bcmanagers.com\/wp-content\/uploads\/2026\/01\/pexels-artempodrez-5716001-1-2048x1152.jpg 2048w\" sizes=\"(max-width: 1024px) 100vw, 1024px\" \/>\t\t\t\t\t\t\t\t\t\t\t\t\t\t\t<\/div>\n\t\t\t\t<\/div>\n\t\t<div class=\"elementor-element elementor-element-f13b9aa e-con-full e-flex e-con e-child\" data-id=\"f13b9aa\" data-element_type=\"container\" data-e-type=\"container\">\n\t\t\t\t<div class=\"elementor-element elementor-element-b5d68c8 elementor-widget elementor-widget-text-editor\" data-id=\"b5d68c8\" data-element_type=\"widget\" data-e-type=\"widget\" data-widget_type=\"text-editor.default\">\n\t\t\t\t\t\t\t\t\t<h2 data-start=\"1417\" data-end=\"1462\"><span style=\"color: #000000;\">Creaci\u00f3n de valor y mejora del rendimiento<\/span><\/h2>\n<p data-start=\"1464\" data-end=\"1608\"><span style=\"color: #000000;\">Apoyamos a nuestros clientes en la <strong data-start=\"1499\" data-end=\"1531\">creaci\u00f3n de valor sostenible<\/strong> mediante planes de mejora (<em data-start=\"1559\" data-end=\"1593\">Performance Improvement Services<\/em>) enfocados en:<\/span><\/p>\n<ul>\n<li style=\"list-style-type: none;\">\n<ul>\n<li style=\"list-style-type: none;\">\n<ul>\n<li data-start=\"1464\" data-end=\"1608\"><strong style=\"color: #000000;\" data-start=\"1612\" data-end=\"1637\">Incremento del EBITDA<\/strong><\/li>\n<li data-start=\"1640\" data-end=\"1667\"><span style=\"color: #000000;\"><strong data-start=\"1640\" data-end=\"1667\">Optimizaci\u00f3n de la caja<\/strong><\/span><\/li>\n<li data-start=\"1670\" data-end=\"1703\"><span style=\"color: #000000;\">Mejora de <strong data-start=\"1680\" data-end=\"1703\">ingresos y m\u00e1rgenes<\/strong><\/span><\/li>\n<li data-start=\"1706\" data-end=\"1739\"><span style=\"color: #000000;\">Reducci\u00f3n y control de <strong data-start=\"1729\" data-end=\"1739\">costes<\/strong><\/span><\/li>\n<li data-start=\"1742\" data-end=\"1778\"><span style=\"color: #000000;\">Optimizaci\u00f3n del <strong data-start=\"1759\" data-end=\"1778\">Working Capital<\/strong><\/span><\/li>\n<li data-start=\"1781\" data-end=\"1817\"><span style=\"color: #000000;\">Priorizaci\u00f3n y control del <strong data-start=\"1808\" data-end=\"1817\">Capex<\/strong><\/span><\/li>\n<\/ul>\n<\/li>\n<\/ul>\n<\/li>\n<\/ul>\n<p data-start=\"1819\" data-end=\"1919\"><span style=\"color: #000000;\">Cada plan se dise\u00f1a a medida, priorizando impacto, rapidez de implementaci\u00f3n y viabilidad operativa.<\/span><\/p>\t\t\t\t\t\t\t\t<\/div>\n\t\t\t\t<\/div>\n\t\t\t\t\t<\/div>\n\t\t\t\t<\/div>\n\t\t<div class=\"elementor-element elementor-element-a5487eb e-flex e-con-boxed e-con e-parent\" data-id=\"a5487eb\" data-element_type=\"container\" data-e-type=\"container\">\n\t\t\t\t\t<div class=\"e-con-inner\">\n\t\t<div class=\"elementor-element elementor-element-14e7df4 e-con-full e-flex e-con e-child\" data-id=\"14e7df4\" data-element_type=\"container\" data-e-type=\"container\">\n\t\t\t\t<div class=\"elementor-element elementor-element-472d7e2 elementor-widget elementor-widget-text-editor\" data-id=\"472d7e2\" data-element_type=\"widget\" data-e-type=\"widget\" data-widget_type=\"text-editor.default\">\n\t\t\t\t\t\t\t\t\t<h2 data-start=\"1926\" data-end=\"1974\"><span style=\"color: #000000;\">Optimizaci\u00f3n de deuda y estructura de capital<\/span><\/h2>\n<p data-start=\"1976\" data-end=\"2100\"><span style=\"color: #000000;\">Asesoramos en la definici\u00f3n y ejecuci\u00f3n de soluciones financieras que refuercen la estabilidad y el crecimiento del negocio:<\/span><\/p>\n<ul>\n<li data-start=\"2104\" data-end=\"2171\"><span style=\"color: #000000;\">B\u00fasqueda de financiaci\u00f3n para <strong data-start=\"2134\" data-end=\"2171\">crecimiento org\u00e1nico e inorg\u00e1nico<\/strong><\/span><\/li>\n<li data-start=\"2174\" data-end=\"2206\"><span style=\"color: #000000;\"><strong data-start=\"2174\" data-end=\"2206\">Refinanciaciones preventivas<\/strong><\/span><\/li>\n<li data-start=\"2209\" data-end=\"2240\"><span style=\"color: #000000;\"><strong data-start=\"2209\" data-end=\"2240\">Reestructuraciones de deuda<\/strong><\/span><\/li>\n<li data-start=\"2243\" data-end=\"2287\"><span style=\"color: #000000;\">Optimizaci\u00f3n de la <strong data-start=\"2262\" data-end=\"2287\">estructura de capital<\/strong><\/span><\/li>\n<li data-start=\"2290\" data-end=\"2351\"><span style=\"color: #000000;\">Relaci\u00f3n y negociaci\u00f3n con entidades financieras e inversores<\/span><\/li>\n<\/ul>\n<p data-start=\"2353\" data-end=\"2466\">\u00a0<\/p>\n<p data-start=\"2353\" data-end=\"2466\"><span style=\"color: #000000;\">Nuestro objetivo es asegurar estructuras financieras <strong data-start=\"2406\" data-end=\"2465\">s\u00f3lidas, sostenibles y alineadas con el plan de negocio<\/strong>.<\/span><\/p>\t\t\t\t\t\t\t\t<\/div>\n\t\t\t\t<\/div>\n\t\t<div class=\"elementor-element elementor-element-7b08ffd e-con-full e-flex e-con e-child\" data-id=\"7b08ffd\" data-element_type=\"container\" data-e-type=\"container\">\n\t\t\t\t<div class=\"elementor-element elementor-element-dbeafd1 elementor-widget elementor-widget-image\" data-id=\"dbeafd1\" data-element_type=\"widget\" data-e-type=\"widget\" data-widget_type=\"image.default\">\n\t\t\t\t\t\t\t\t\t\t\t\t\t\t\t<img decoding=\"async\" width=\"1024\" height=\"559\" src=\"https:\/\/www.bcmanagers.com\/wp-content\/uploads\/2026\/01\/Gemini_Generated_Image_ms38zmms38zmms38-1024x559.png\" class=\"attachment-large size-large wp-image-187\" alt=\"\" srcset=\"https:\/\/www.bcmanagers.com\/wp-content\/uploads\/2026\/01\/Gemini_Generated_Image_ms38zmms38zmms38-1024x559.png 1024w, https:\/\/www.bcmanagers.com\/wp-content\/uploads\/2026\/01\/Gemini_Generated_Image_ms38zmms38zmms38-300x164.png 300w, https:\/\/www.bcmanagers.com\/wp-content\/uploads\/2026\/01\/Gemini_Generated_Image_ms38zmms38zmms38-768x419.png 768w, https:\/\/www.bcmanagers.com\/wp-content\/uploads\/2026\/01\/Gemini_Generated_Image_ms38zmms38zmms38.png 1408w\" sizes=\"(max-width: 1024px) 100vw, 1024px\" \/>\t\t\t\t\t\t\t\t\t\t\t\t\t\t\t<\/div>\n\t\t\t\t<\/div>\n\t\t\t\t\t<\/div>\n\t\t\t\t<\/div>\n\t\t<div class=\"elementor-element elementor-element-6d8028b e-flex e-con-boxed e-con e-parent\" data-id=\"6d8028b\" data-element_type=\"container\" data-e-type=\"container\" data-settings=\"{&quot;shape_divider_top&quot;:&quot;triangle&quot;}\">\n\t\t\t\t\t<div class=\"e-con-inner\">\n\t\t\t\t<div class=\"elementor-shape elementor-shape-top\" aria-hidden=\"true\" data-negative=\"false\">\n\t\t\t<svg xmlns=\"http:\/\/www.w3.org\/2000\/svg\" viewBox=\"0 0 1000 100\" preserveAspectRatio=\"none\">\n\t<path class=\"elementor-shape-fill\" d=\"M500,98.9L0,6.1V0h1000v6.1L500,98.9z\"\/>\n<\/svg>\t\t<\/div>\n\t\t\t\t<div class=\"elementor-element elementor-element-716efcc elementor-widget elementor-widget-text-editor\" data-id=\"716efcc\" data-element_type=\"widget\" data-e-type=\"widget\" data-widget_type=\"text-editor.default\">\n\t\t\t\t\t\t\t\t\t<h2 data-start=\"2473\" data-end=\"2501\"><span style=\"color: #000000;\">Servicios pre y post deal<\/span><\/h2>\n<p data-start=\"2503\" data-end=\"2636\"><span style=\"color: #000000;\">Acompa\u00f1amos a nuestros clientes a lo largo de todo el ciclo de la transacci\u00f3n, aportando visi\u00f3n estrat\u00e9gica y capacidad de ejecuci\u00f3n:<\/span><\/p>\t\t\t\t\t\t\t\t<\/div>\n\t\t\t\t\t<\/div>\n\t\t\t\t<\/div>\n\t\t<div class=\"elementor-element elementor-element-a36689f e-flex e-con-boxed e-con e-parent\" data-id=\"a36689f\" data-element_type=\"container\" data-e-type=\"container\">\n\t\t\t\t\t<div class=\"e-con-inner\">\n\t\t<div class=\"elementor-element elementor-element-c1e1926 e-con-full e-flex e-con e-child\" data-id=\"c1e1926\" data-element_type=\"container\" data-e-type=\"container\">\n\t\t\t\t<div class=\"elementor-element elementor-element-12fb807 elementor-widget elementor-widget-text-editor\" data-id=\"12fb807\" data-element_type=\"widget\" data-e-type=\"widget\" data-widget_type=\"text-editor.default\">\n\t\t\t\t\t\t\t\t\t<h3 data-start=\"2638\" data-end=\"2650\"><span style=\"color: #000000;\">Pre-deal<\/span><\/h3>\n<ul>\n<li data-start=\"2653\" data-end=\"2692\"><span style=\"color: #000000;\">Due Diligence <strong data-start=\"2667\" data-end=\"2692\">Comercial y Operativa<\/strong><\/span><\/li>\n<li data-start=\"2695\" data-end=\"2740\"><span style=\"color: #000000;\">Identificaci\u00f3n de riesgos y palancas de valor<\/span><\/li>\n<li data-start=\"2743\" data-end=\"2784\"><span style=\"color: #000000;\">Definici\u00f3n de planes de creaci\u00f3n de valor<\/span><\/li>\n<\/ul>\t\t\t\t\t\t\t\t<\/div>\n\t\t\t\t<\/div>\n\t\t<div class=\"elementor-element elementor-element-53df00a e-con-full e-flex e-con e-child\" data-id=\"53df00a\" data-element_type=\"container\" data-e-type=\"container\">\n\t\t\t\t<div class=\"elementor-element elementor-element-1615bcb elementor-widget elementor-widget-text-editor\" data-id=\"1615bcb\" data-element_type=\"widget\" data-e-type=\"widget\" data-widget_type=\"text-editor.default\">\n\t\t\t\t\t\t\t\t\t<h3 data-start=\"2786\" data-end=\"2799\"><span style=\"color: #000000;\">Post-deal<\/span><\/h3>\n<ul>\n<li data-start=\"2802\" data-end=\"2850\"><span style=\"color: #000000;\">Planes de <strong data-start=\"2812\" data-end=\"2850\">integraci\u00f3n y captura de sinergias<\/strong><\/span><\/li>\n<li data-start=\"2853\" data-end=\"2900\"><span style=\"color: #000000;\"><strong data-start=\"2853\" data-end=\"2872\">Toma de control<\/strong> y apoyo al nuevo management<\/span><\/li>\n<li data-start=\"2903\" data-end=\"2935\"><span style=\"color: #000000;\">Seguimiento de resultados y KPIs<\/span><\/li>\n<li data-start=\"2938\" data-end=\"2986\"><span style=\"color: #000000;\">Implantaci\u00f3n de mejoras operativas y financieras<\/span><\/li>\n<\/ul>\t\t\t\t\t\t\t\t<\/div>\n\t\t\t\t<\/div>\n\t\t\t\t\t<\/div>\n\t\t\t\t<\/div>\n\t\t<div class=\"elementor-element elementor-element-f35930e e-flex e-con-boxed e-con e-parent\" data-id=\"f35930e\" data-element_type=\"container\" data-e-type=\"container\" data-settings=\"{&quot;shape_divider_top&quot;:&quot;triangle&quot;,&quot;shape_divider_bottom&quot;:&quot;triangle&quot;}\">\n\t\t\t\t\t<div class=\"e-con-inner\">\n\t\t\t\t<div class=\"elementor-shape elementor-shape-top\" aria-hidden=\"true\" data-negative=\"false\">\n\t\t\t<svg xmlns=\"http:\/\/www.w3.org\/2000\/svg\" viewBox=\"0 0 1000 100\" preserveAspectRatio=\"none\">\n\t<path class=\"elementor-shape-fill\" d=\"M500,98.9L0,6.1V0h1000v6.1L500,98.9z\"\/>\n<\/svg>\t\t<\/div>\n\t\t\t\t<div class=\"elementor-shape elementor-shape-bottom\" aria-hidden=\"true\" data-negative=\"false\">\n\t\t\t<svg xmlns=\"http:\/\/www.w3.org\/2000\/svg\" viewBox=\"0 0 1000 100\" preserveAspectRatio=\"none\">\n\t<path class=\"elementor-shape-fill\" d=\"M500,98.9L0,6.1V0h1000v6.1L500,98.9z\"\/>\n<\/svg>\t\t<\/div>\n\t\t\t\t<div class=\"elementor-element elementor-element-36e1808 elementor-widget elementor-widget-text-editor\" data-id=\"36e1808\" data-element_type=\"widget\" data-e-type=\"widget\" data-widget_type=\"text-editor.default\">\n\t\t\t\t\t\t\t\t\t<h2 data-start=\"2993\" data-end=\"3031\"><span style=\"color: #000000;\">Experiencia que marca la diferencia<\/span><\/h2>\n<p data-start=\"3033\" data-end=\"3101\"><span style=\"color: #000000;\">Ponemos a disposici\u00f3n de nuestros clientes un profundo conocimiento:<\/span><\/p>\n<ul data-start=\"3103\" data-end=\"3319\">\n<li data-start=\"3103\" data-end=\"3142\">\n<p data-start=\"3105\" data-end=\"3142\"><span style=\"color: #000000;\"><strong data-start=\"3105\" data-end=\"3116\">T\u00e9cnico<\/strong>: financiero y operativo<\/span><\/p>\n<\/li>\n<li data-start=\"3143\" data-end=\"3235\">\n<p data-start=\"3145\" data-end=\"3235\"><span style=\"color: #000000;\"><strong data-start=\"3145\" data-end=\"3160\">Situacional<\/strong>: transformaci\u00f3n, transacci\u00f3n, mejora operativa, reestructuraci\u00f3n, crisis<\/span><\/p>\n<\/li>\n<li data-start=\"3236\" data-end=\"3319\">\n<p data-start=\"3238\" data-end=\"3319\"><span style=\"color: #000000;\"><strong data-start=\"3238\" data-end=\"3251\">Sectorial<\/strong>: consumo, manufacturing, sanidad, turismo, servicios, entre otros<\/span><\/p>\n<\/li>\n<\/ul>\n<p data-start=\"3321\" data-end=\"3503\"><span style=\"color: #000000;\">Esta combinaci\u00f3n nos permite <strong data-start=\"3350\" data-end=\"3400\">diagnosticar, dise\u00f1ar, priorizar e implementar<\/strong> las medidas necesarias para <strong data-start=\"3429\" data-end=\"3463\">maximizar o preservar el valor<\/strong>, incluso en los entornos m\u00e1s exigentes.<\/span><\/p>\t\t\t\t\t\t\t\t<\/div>\n\t\t\t\t\t<\/div>\n\t\t\t\t<\/div>\n\t\t\t\t<\/div>\n\t\t","protected":false},"excerpt":{"rendered":"<p>Debt &amp; Value Creation En BC Managers proporcionamos servicios integrales de asesoramiento financiero y operativo en contextos de transformaci\u00f3n, turnaround, reestructuraci\u00f3n y situaciones especiales complejas. Actuamos cuando el tiempo, el diagn\u00f3stico preciso y la capacidad de ejecuci\u00f3n son cr\u00edticos. Nuestro enfoque combina an\u00e1lisis riguroso, liderazgo experimentado y una implantaci\u00f3n disciplinada de medidas operativas y financieras [&hellip;]<\/p>\n","protected":false},"author":1,"featured_media":0,"parent":0,"menu_order":0,"comment_status":"closed","ping_status":"closed","template":"elementor_header_footer","meta":{"footnotes":""},"class_list":["post-379","page","type-page","status-publish","hentry"],"_links":{"self":[{"href":"https:\/\/www.bcmanagers.com\/index.php\/wp-json\/wp\/v2\/pages\/379","targetHints":{"allow":["GET"]}}],"collection":[{"href":"https:\/\/www.bcmanagers.com\/index.php\/wp-json\/wp\/v2\/pages"}],"about":[{"href":"https:\/\/www.bcmanagers.com\/index.php\/wp-json\/wp\/v2\/types\/page"}],"author":[{"embeddable":true,"href":"https:\/\/www.bcmanagers.com\/index.php\/wp-json\/wp\/v2\/users\/1"}],"replies":[{"embeddable":true,"href":"https:\/\/www.bcmanagers.com\/index.php\/wp-json\/wp\/v2\/comments?post=379"}],"version-history":[{"count":4,"href":"https:\/\/www.bcmanagers.com\/index.php\/wp-json\/wp\/v2\/pages\/379\/revisions"}],"predecessor-version":[{"id":383,"href":"https:\/\/www.bcmanagers.com\/index.php\/wp-json\/wp\/v2\/pages\/379\/revisions\/383"}],"wp:attachment":[{"href":"https:\/\/www.bcmanagers.com\/index.php\/wp-json\/wp\/v2\/media?parent=379"}],"curies":[{"name":"wp","href":"https:\/\/api.w.org\/{rel}","templated":true}]}}